{"id":3415,"date":"2015-05-29T11:25:30","date_gmt":"2015-05-29T08:25:30","guid":{"rendered":"http:\/\/www.eurovanne.fi\/vanteet\/?page_id=3415"},"modified":"2022-01-21T15:36:57","modified_gmt":"2022-01-21T13:36:57","slug":"tilausohjeet","status":"publish","type":"page","link":"https:\/\/www.eurovanne.fi\/vanteet\/tilausohjeet\/","title":{"rendered":"Tilausohjeet"},"content":{"rendered":"<h2>N\u00c4IN TEET TILAUKSEN<\/h2>\n<p><strong>LUE TILAUSOHJEET JA TOIMITUSEHDOT ENNEN TILAUSTA.<\/strong><\/p>\n<p><strong>HUOMIOI, ETT\u00c4 SIVULLA ILMOITETUT HINNAT OVAT KAPPALEHINTOJA !<\/strong><\/p>\n<p><strong>MIK\u00c4LI TILAAT RENKAAT JA VANTEET SAMASSA TILAUKSESSA, EMME TOIMITA RENKAITA VANTEELLE ASENNETTUINA !<\/strong><\/p>\n<p><strong>Asiakas sitoutuu jokaisen tilauksen yhteydess\u00e4 voimassa oleviin toimitusehtoihin.<\/strong><\/p>\n<ol>\n<li>Valitse haluamasi tuotteet ja lis\u00e4\u00e4 ne ostoskoriin painamalla lis\u00e4\u00e4 koriin-nappulaa.<\/li>\n<li>Kirjaudu omalle tilillesi jos sinulla on sellainen. Voit tilata my\u00f6s ilman rekister\u00f6itymist\u00e4.<\/li>\n<li>Siirry kassalle ja valitse maksutapa.<\/li>\n<li>Muista t\u00e4ytt\u00e4\u00e4 autosi tarkat tiedot, tarkistamme vanteen sopivuuden autoosi.<\/li>\n<li>Varmista tilauksen vahvistussivulla, ett\u00e4 tilauksen tiedot ovat oikein.<\/li>\n<li>Siirry valitsemasi maksutavan maksusivulle.<\/li>\n<li>Maksettuasi maksusivulla, odota ett\u00e4 siirryt takaisin Eurovanteen sivuille. <strong>\u00c4l\u00e4 sulje selainta maksusivulla.<\/strong><\/li>\n<li><strong>Tarkista s\u00e4hk\u00f6postisi.<\/strong> <strong>Onnistuneesta tilauksesta tulee aina tilausvahvistus s\u00e4hk\u00f6postiin. <\/strong>Tarkista my\u00f6s mahdollinen roskapostikansio. Jos et saa tilausvahvistusta s\u00e4hk\u00f6postiisi muutaman tunnin kuluessa tilauksesta niin ota yhtett\u00e4 asiakaspalveluumme. Puh. 020 7434 330 (<em>8,35 snt\/puh + 16,69 snt\/min, auki ma-pe 10-17<\/em>)<\/li>\n<\/ol>\n","protected":false},"excerpt":{"rendered":"<p>N\u00c4IN TEET TILAUKSEN LUE TILAUSOHJEET JA TOIMITUSEHDOT ENNEN TILAUSTA. HUOMIOI, ETT\u00c4 SIVULLA ILMOITETUT HINNAT OVAT KAPPALEHINTOJA ! MIK\u00c4LI TILAAT RENKAAT JA VANTEET SAMASSA TILAUKSESSA, EMME TOIMITA RENKAITA VANTEELLE ASENNETTUINA ! Asiakas sitoutuu jokaisen tilauksen yhteydess\u00e4 voimassa oleviin toimitusehtoihin. Valitse haluamasi<\/p>\n","protected":false},"author":1,"featured_media":0,"parent":0,"menu_order":0,"comment_status":"closed","ping_status":"closed","template":"","meta":{"footnotes":""},"class_list":["post-3415","page","type-page","status-publish","hentry"],"aioseo_notices":[],"_links":{"self":[{"href":"https:\/\/www.eurovanne.fi\/vanteet\/wp-json\/wp\/v2\/pages\/3415","targetHints":{"allow":["GET"]}}],"collection":[{"href":"https:\/\/www.eurovanne.fi\/vanteet\/wp-json\/wp\/v2\/pages"}],"about":[{"href":"https:\/\/www.eurovanne.fi\/vanteet\/wp-json\/wp\/v2\/types\/page"}],"author":[{"embeddable":true,"href":"https:\/\/www.eurovanne.fi\/vanteet\/wp-json\/wp\/v2\/users\/1"}],"replies":[{"embeddable":true,"href":"https:\/\/www.eurovanne.fi\/vanteet\/wp-json\/wp\/v2\/comments?post=3415"}],"version-history":[{"count":0,"href":"https:\/\/www.eurovanne.fi\/vanteet\/wp-json\/wp\/v2\/pages\/3415\/revisions"}],"wp:attachment":[{"href":"https:\/\/www.eurovanne.fi\/vanteet\/wp-json\/wp\/v2\/media?parent=3415"}],"curies":[{"name":"wp","href":"https:\/\/api.w.org\/{rel}","templated":true}]}}