{"id":445671,"date":"2022-09-02T13:17:14","date_gmt":"2022-09-02T10:17:14","guid":{"rendered":"https:\/\/www.eurovanne.fi\/vanteet\/?post_type=product&#038;p=445671"},"modified":"2022-09-02T15:24:48","modified_gmt":"2022-09-02T12:24:48","slug":"sunfox-led-tyovalo-30w-ovaali-2250lm","status":"publish","type":"product","link":"https:\/\/www.eurovanne.fi\/vanteet\/verkkokauppa\/sunfox-led-tyovalo-30w-ovaali-2250lm\/","title":{"rendered":"SUNFOX LED TY\u00d6VALO 30W OVAALI 2250LM"},"content":{"rendered":"<p>Tuotenumero: SH-HK30W<\/p>\n<p>J\u00e4nnite: 10-30V, DC<\/p>\n<p>6 x 5W Cree LED<\/p>\n<p>Valokeila: Leve\u00e4<\/p>\n<p>Sis\u00e4\u00e4nrakennettu h\u00e4iri\u00f6nsuojaus (EMC)<\/p>\n<p>CISPR25 luokitus: 4<\/p>\n<p>ECE R10 Sertifikoitu<\/p>\n<p>Koteloluokitus: IP68<\/p>\n<p>Kiinnikkeet ruostumatonta ter\u00e4st\u00e4<\/p>\n<p>DT-liitin<\/p>\n","protected":false},"excerpt":{"rendered":"<p>Tuotenumero: SH-HK30W J\u00e4nnite: 10-30V, DC 6 x 5W Cree LED Valokeila: Leve\u00e4 Sis\u00e4\u00e4nrakennettu h\u00e4iri\u00f6nsuojaus (EMC) CISPR25 luokitus: 4 ECE R10 Sertifikoitu Koteloluokitus: IP68 Kiinnikkeet ruostumatonta ter\u00e4st\u00e4 DT-liitin<\/p>\n","protected":false},"featured_media":445672,"comment_status":"closed","ping_status":"closed","template":"","meta":[],"product_brand":[],"product_cat":[4585,4587],"product_tag":[],"class_list":{"0":"post-445671","1":"product","2":"type-product","3":"status-publish","4":"has-post-thumbnail","6":"product_cat-lisavalot","7":"product_cat-tyovalot","8":"product_shipping_class-lisavalot-ja-tarvikkeet","10":"first","11":"instock","12":"taxable","13":"shipping-taxable","14":"purchasable","15":"product-type-simple"},"aioseo_notices":[],"_links":{"self":[{"href":"https:\/\/www.eurovanne.fi\/vanteet\/wp-json\/wp\/v2\/product\/445671","targetHints":{"allow":["GET"]}}],"collection":[{"href":"https:\/\/www.eurovanne.fi\/vanteet\/wp-json\/wp\/v2\/product"}],"about":[{"href":"https:\/\/www.eurovanne.fi\/vanteet\/wp-json\/wp\/v2\/types\/product"}],"replies":[{"embeddable":true,"href":"https:\/\/www.eurovanne.fi\/vanteet\/wp-json\/wp\/v2\/comments?post=445671"}],"wp:featuredmedia":[{"embeddable":true,"href":"https:\/\/www.eurovanne.fi\/vanteet\/wp-json\/wp\/v2\/media\/445672"}],"wp:attachment":[{"href":"https:\/\/www.eurovanne.fi\/vanteet\/wp-json\/wp\/v2\/media?parent=445671"}],"wp:term":[{"taxonomy":"product_brand","embeddable":true,"href":"https:\/\/www.eurovanne.fi\/vanteet\/wp-json\/wp\/v2\/product_brand?post=445671"},{"taxonomy":"product_cat","embeddable":true,"href":"https:\/\/www.eurovanne.fi\/vanteet\/wp-json\/wp\/v2\/product_cat?post=445671"},{"taxonomy":"product_tag","embeddable":true,"href":"https:\/\/www.eurovanne.fi\/vanteet\/wp-json\/wp\/v2\/product_tag?post=445671"}],"curies":[{"name":"wp","href":"https:\/\/api.w.org\/{rel}","templated":true}]}}